{"id":203,"date":"2023-10-10T12:46:29","date_gmt":"2023-10-10T10:46:29","guid":{"rendered":"http:\/\/eines-informatiques.recursos.uoc.edu\/workflows\/?page_id=203"},"modified":"2023-10-10T12:47:29","modified_gmt":"2023-10-10T10:47:29","slug":"resum","status":"publish","type":"page","link":"http:\/\/eines-informatiques.recursos.uoc.edu\/workflows\/resum\/","title":{"rendered":"Resum"},"content":{"rendered":"<p>En aquest m\u00f2dul hem donat una breu pinzellada als Workflow Managers i en especial a Nextflow. Per augmentar el control dels entorns en els quals es computen les an\u00e0lisis \u00e9s imprescindible utilitzar Workflow Managers, i, a poder ser, conjuntament amb entorns tipus Conda o contenidors, com hem vist en cap\u00edtols anteriors. La utilitzaci\u00f3 d\u2019aquest tipus d\u2019eines permet la portabilitat a qualsevol entorn de computaci\u00f3 i la implementaci\u00f3 de <em>pipelines<\/em> generats per altres grups d\u2019una manera \u00e0gil i senzilla. La modularitzaci\u00f3 dels processos permet que la seva actualitzaci\u00f3 pugui ser din\u00e0mica i que la introducci\u00f3 de codi generat per altres programadors no interfereixi en altres parts del proc\u00e9s. La versatilitat d\u2019opcions dels Workflow Managers permet un control prec\u00eds de tot el proc\u00e9s, de vegades en detriment de la seva corba d\u2019aprenentatge. La diversitat de Workflow Managers que actualment tenim permet poder escollir l\u2019ecosistema en qu\u00e8 ens trobem m\u00e9s confortables, variant des d\u2019entorns molt visuals tipus Galaxy a altres enterament program\u00e0tics. \u00c9s important arribar a un comprom\u00eds entre l\u2019aprenentatge necessari per entendre el funcionament d\u2019un <em>workflow<\/em> espec\u00edfic i les eines que ens permet controlar. Finalment, a l\u2019hora de triar el vostre Workflow Manager s\u2019ha de tenir en compte la potencial interoperabilitat. En entorns col\u00b7laboratius \u00e9s imprescindible la reproductibilitat de processos i la compartici\u00f3 de codi per poder seguir els principis FAIR de les dades.<\/p>\n","protected":false},"excerpt":{"rendered":"<p>En aquest m\u00f2dul hem donat una breu pinzellada als Workflow Managers i en especial a Nextflow. Per augmentar el control dels entorns en els quals es computen les an\u00e0lisis \u00e9s imprescindible utilitzar Workflow Managers, i, a poder ser, conjuntament amb entorns tipus Conda o contenidors, com hem vist en cap\u00edtols anteriors. La utilitzaci\u00f3 d\u2019aquest tipus [&hellip;]<\/p>\n","protected":false},"author":1,"featured_media":0,"parent":0,"menu_order":0,"comment_status":"closed","ping_status":"closed","template":"","meta":[],"acf":[],"_links":{"self":[{"href":"http:\/\/eines-informatiques.recursos.uoc.edu\/workflows\/wp-json\/wp\/v2\/pages\/203"}],"collection":[{"href":"http:\/\/eines-informatiques.recursos.uoc.edu\/workflows\/wp-json\/wp\/v2\/pages"}],"about":[{"href":"http:\/\/eines-informatiques.recursos.uoc.edu\/workflows\/wp-json\/wp\/v2\/types\/page"}],"author":[{"embeddable":true,"href":"http:\/\/eines-informatiques.recursos.uoc.edu\/workflows\/wp-json\/wp\/v2\/users\/1"}],"replies":[{"embeddable":true,"href":"http:\/\/eines-informatiques.recursos.uoc.edu\/workflows\/wp-json\/wp\/v2\/comments?post=203"}],"version-history":[{"count":3,"href":"http:\/\/eines-informatiques.recursos.uoc.edu\/workflows\/wp-json\/wp\/v2\/pages\/203\/revisions"}],"predecessor-version":[{"id":206,"href":"http:\/\/eines-informatiques.recursos.uoc.edu\/workflows\/wp-json\/wp\/v2\/pages\/203\/revisions\/206"}],"wp:attachment":[{"href":"http:\/\/eines-informatiques.recursos.uoc.edu\/workflows\/wp-json\/wp\/v2\/media?parent=203"}],"curies":[{"name":"wp","href":"https:\/\/api.w.org\/{rel}","templated":true}]}}