{"id":809,"date":"2023-10-19T12:32:40","date_gmt":"2023-10-19T10:32:40","guid":{"rendered":"http:\/\/eines-informatiques.recursos.uoc.edu\/introduccion-a-los-entornos-de-trabajo-gnu-linux\/?page_id=809"},"modified":"2023-10-25T13:42:22","modified_gmt":"2023-10-25T11:42:22","slug":"solucionari","status":"publish","type":"page","link":"http:\/\/eines-informatiques.recursos.uoc.edu\/introduccion-a-los-entornos-de-trabajo-gnu-linux\/solucionari\/","title":{"rendered":"Solucionari"},"content":{"rendered":"<ol>\n<li>El processador, la seq\u00fc\u00e8ncia, els perif\u00e8rics i el bus de comunicacions.<\/li>\n<li>Programaci\u00f3, compilaci\u00f3, enlla\u00e7 i execuci\u00f3.<\/li>\n<li>En execuci\u00f3, en espera per executar-se, bloquejat.<\/li>\n<li>Obrir, tancar, llegir, escriure.<\/li>\n<li>El directori \u00e9s \u00ab<code>\/<\/code>\u00bb, el directori anterior \u00e9s \u00ab<code>..<\/code>\u00bb i l\u2019actual \u00e9s \u00ab .\u00bb.<\/li>\n<li>Existeixen tres dominis: usuari, grup de treball i la resta d\u2019usuaris.<\/li>\n<li>Existeixen tres permisos: lectura, escriptura i execuci\u00f3.<\/li>\n<li>Proporciona acc\u00e9s al manual del sistema.<\/li>\n<li>Les ordres <em><code>pwd<\/code><\/em><em>, <\/em><em><code>ls<\/code><\/em><em>, <\/em><em><code>cd<\/code><\/em><em> .<\/em><\/li>\n<li>Les ordres <em><code>cp<\/code><\/em><em>, <\/em><em><code>rm<\/code><\/em><em>, <\/em><em><code>mv<\/code><\/em> i <em><code>mkdir<\/code><\/em>.<\/li>\n<li>\u00c9s l\u2019ordre <em><code>chmod<\/code><\/em>.<\/li>\n<li>Les ordres <em><code>more<\/code><\/em><em>, <\/em><em><code>head<\/code><\/em><em>, <\/em><em><code>cat<\/code><\/em> i <em><code>tail<\/code><\/em>.<\/li>\n<li>Fent servir les ordres <em><code>gzip<\/code><\/em> i <em><code>tar<\/code><\/em>.<\/li>\n<li>L\u2019ordre <em><code>history<\/code><\/em><em>.<\/em><\/li>\n<li>Les ordres <em><code>sort<\/code><\/em><em>, <\/em><em><code>uniq<\/code><\/em> i <em><code>join<\/code><\/em><em>.<\/em><\/li>\n<li>L\u2019ordre <em><code>grep<\/code><\/em> realitza la recerca de patrons de text.<\/li>\n<li>L\u2019operant | envia la informaci\u00f3 a un altre proc\u00e9s, mentre que l\u2019operant <code>&gt;<\/code> envia la informaci\u00f3 a un fitxer, necess\u00e0riament.<\/li>\n<li>El bloc BEGIN executa aquestes instruccions abans de processar el fitxer, el bloc END executa les instruccions precisament despr\u00e9s de finalitzar aquest.<\/li>\n<li>La variable <code>$1<\/code> es refereix al primer atribut de cada registre o l\u00ednia. La variable <code>$0<\/code> cont\u00e9 la l\u00ednia actual en curs. La variable <code>NR<\/code> emmagatzema el nombre de registres llegits, mentre que la variable <code>NF<\/code> compta el nombre de columnes present en cada l\u00ednia. <code>OFS<\/code> representa el car\u00e0cter que s\u2019emprar\u00e0 per separar camps a la sortida, mentre que <code>FS<\/code> realitza la mateixa funci\u00f3 en l\u2019adquisici\u00f3 de les dades d\u2019entrada.<\/li>\n<li>Perqu\u00e8 permeten dur a terme un n\u00famero (pr\u00e0cticament) infinit de vegades el mateix conjunt de tasques sobre m\u00faltiples grups de dades sense assist\u00e8ncia de l\u2019usuari.<\/li>\n<\/ol>\n","protected":false},"excerpt":{"rendered":"<p>El processador, la seq\u00fc\u00e8ncia, els perif\u00e8rics i el bus de comunicacions. Programaci\u00f3, compilaci\u00f3, enlla\u00e7 i execuci\u00f3. En execuci\u00f3, en espera per executar-se, bloquejat. Obrir, tancar, llegir, escriure. El directori \u00e9s \u00ab\/\u00bb, el directori anterior \u00e9s \u00ab..\u00bb i l\u2019actual \u00e9s \u00ab .\u00bb. Existeixen tres dominis: usuari, grup de treball i la resta d\u2019usuaris. Existeixen tres permisos: [&hellip;]<\/p>\n","protected":false},"author":1,"featured_media":0,"parent":0,"menu_order":0,"comment_status":"closed","ping_status":"closed","template":"","meta":[],"acf":[],"_links":{"self":[{"href":"http:\/\/eines-informatiques.recursos.uoc.edu\/introduccion-a-los-entornos-de-trabajo-gnu-linux\/wp-json\/wp\/v2\/pages\/809"}],"collection":[{"href":"http:\/\/eines-informatiques.recursos.uoc.edu\/introduccion-a-los-entornos-de-trabajo-gnu-linux\/wp-json\/wp\/v2\/pages"}],"about":[{"href":"http:\/\/eines-informatiques.recursos.uoc.edu\/introduccion-a-los-entornos-de-trabajo-gnu-linux\/wp-json\/wp\/v2\/types\/page"}],"author":[{"embeddable":true,"href":"http:\/\/eines-informatiques.recursos.uoc.edu\/introduccion-a-los-entornos-de-trabajo-gnu-linux\/wp-json\/wp\/v2\/users\/1"}],"replies":[{"embeddable":true,"href":"http:\/\/eines-informatiques.recursos.uoc.edu\/introduccion-a-los-entornos-de-trabajo-gnu-linux\/wp-json\/wp\/v2\/comments?post=809"}],"version-history":[{"count":4,"href":"http:\/\/eines-informatiques.recursos.uoc.edu\/introduccion-a-los-entornos-de-trabajo-gnu-linux\/wp-json\/wp\/v2\/pages\/809\/revisions"}],"predecessor-version":[{"id":892,"href":"http:\/\/eines-informatiques.recursos.uoc.edu\/introduccion-a-los-entornos-de-trabajo-gnu-linux\/wp-json\/wp\/v2\/pages\/809\/revisions\/892"}],"wp:attachment":[{"href":"http:\/\/eines-informatiques.recursos.uoc.edu\/introduccion-a-los-entornos-de-trabajo-gnu-linux\/wp-json\/wp\/v2\/media?parent=809"}],"curies":[{"name":"wp","href":"https:\/\/api.w.org\/{rel}","templated":true}]}}