{"id":805,"date":"2023-10-19T12:27:22","date_gmt":"2023-10-19T10:27:22","guid":{"rendered":"http:\/\/eines-informatiques.recursos.uoc.edu\/introduccion-a-los-entornos-de-trabajo-gnu-linux\/?page_id=805"},"modified":"2023-11-02T15:00:47","modified_gmt":"2023-11-02T13:00:47","slug":"exercicis-dautoavaluacio","status":"publish","type":"page","link":"http:\/\/eines-informatiques.recursos.uoc.edu\/introduccion-a-los-entornos-de-trabajo-gnu-linux\/exercicis-dautoavaluacio\/","title":{"rendered":"Exercicis d\u2019autoavaluaci\u00f3"},"content":{"rendered":"<ol>\n<li>Enumereu els quatre components b\u00e0sics d\u2019una computadora.<\/li>\n<li>Enumereu les etapes principals de la generaci\u00f3 d\u2019un fitxer executable.<\/li>\n<li>Enumereu les etapes en la vida d\u2019un proc\u00e9s.<\/li>\n<li>Enumereu les quatre operacions b\u00e0siques amb fitxers.<\/li>\n<li>Citeu com es codifiquen el directori arrel, el directori anterior i l\u2019actual.<\/li>\n<li>Enumereu els tres dominis dels usuaris.<\/li>\n<li>Descriviu les classes de permisos que es poden assignar a un fitxer.<\/li>\n<li>Per qu\u00e8 \u00e9s utilitzada l\u2019ordre <code>man<\/code> al terminal?<\/li>\n<li>Enumereu les ordres del terminal per navegar pel sistema de fitxers.<\/li>\n<li>Enumereu diverses ordres del terminal per gestionar el sistema de fitxers.<\/li>\n<li>Citeu l\u2019ordre per modificar els permisos sobre un fitxer o un directori.<\/li>\n<li>Enumereu algunes ordres per accedir al contingut d\u2019un fitxer.<\/li>\n<li>Expliqueu com accedir a fitxers pr\u00e8viament comprimits des del terminal.<\/li>\n<li>Expliqueu com recuperar el llistat de les ordres usades en una sessi\u00f3.<\/li>\n<li>Enumereu les ordres adequades per ordenar i combinar fitxers.<\/li>\n<li>Descriviu l\u2019ordre emprada habitualment per buscar patrons de text.<\/li>\n<li>Citeu la difer\u00e8ncia entre <code>|<\/code> o <code>&gt;<\/code> en la comunicaci\u00f3 entre processos.<\/li>\n<li>Discutiu la difer\u00e8ncia entre els blocs BEGIN i END en el llenguatge de programaci\u00f3 <em>gawk<\/em>.<\/li>\n<li>Expliqueu les seg\u00fcents variables de <em>gawk<\/em>: <code>$1<\/code>, <code>$0<\/code>, <code>NR<\/code>, <code>NF<\/code>, <code>OFS<\/code> i <code>FS<\/code>.<\/li>\n<li>Per qu\u00e8 s\u00f3n enormement \u00fatils els protocols de tasques automatitzades?<\/li>\n<\/ol>\n","protected":false},"excerpt":{"rendered":"<p>Enumereu els quatre components b\u00e0sics d\u2019una computadora. Enumereu les etapes principals de la generaci\u00f3 d\u2019un fitxer executable. Enumereu les etapes en la vida d\u2019un proc\u00e9s. Enumereu les quatre operacions b\u00e0siques amb fitxers. Citeu com es codifiquen el directori arrel, el directori anterior i l\u2019actual. Enumereu els tres dominis dels usuaris. Descriviu les classes de permisos [&hellip;]<\/p>\n","protected":false},"author":1,"featured_media":0,"parent":0,"menu_order":0,"comment_status":"closed","ping_status":"closed","template":"","meta":[],"acf":[],"_links":{"self":[{"href":"http:\/\/eines-informatiques.recursos.uoc.edu\/introduccion-a-los-entornos-de-trabajo-gnu-linux\/wp-json\/wp\/v2\/pages\/805"}],"collection":[{"href":"http:\/\/eines-informatiques.recursos.uoc.edu\/introduccion-a-los-entornos-de-trabajo-gnu-linux\/wp-json\/wp\/v2\/pages"}],"about":[{"href":"http:\/\/eines-informatiques.recursos.uoc.edu\/introduccion-a-los-entornos-de-trabajo-gnu-linux\/wp-json\/wp\/v2\/types\/page"}],"author":[{"embeddable":true,"href":"http:\/\/eines-informatiques.recursos.uoc.edu\/introduccion-a-los-entornos-de-trabajo-gnu-linux\/wp-json\/wp\/v2\/users\/1"}],"replies":[{"embeddable":true,"href":"http:\/\/eines-informatiques.recursos.uoc.edu\/introduccion-a-los-entornos-de-trabajo-gnu-linux\/wp-json\/wp\/v2\/comments?post=805"}],"version-history":[{"count":3,"href":"http:\/\/eines-informatiques.recursos.uoc.edu\/introduccion-a-los-entornos-de-trabajo-gnu-linux\/wp-json\/wp\/v2\/pages\/805\/revisions"}],"predecessor-version":[{"id":989,"href":"http:\/\/eines-informatiques.recursos.uoc.edu\/introduccion-a-los-entornos-de-trabajo-gnu-linux\/wp-json\/wp\/v2\/pages\/805\/revisions\/989"}],"wp:attachment":[{"href":"http:\/\/eines-informatiques.recursos.uoc.edu\/introduccion-a-los-entornos-de-trabajo-gnu-linux\/wp-json\/wp\/v2\/media?parent=805"}],"curies":[{"name":"wp","href":"https:\/\/api.w.org\/{rel}","templated":true}]}}