{"id":599,"date":"2023-10-10T13:43:31","date_gmt":"2023-10-10T11:43:31","guid":{"rendered":"http:\/\/eines-informatiques.recursos.uoc.edu\/introduccion-a-los-entornos-de-trabajo-gnu-linux\/?page_id=599"},"modified":"2023-10-24T20:52:39","modified_gmt":"2023-10-24T18:52:39","slug":"1-6-funcionament-de-les-maquines-virtuals","status":"publish","type":"page","link":"http:\/\/eines-informatiques.recursos.uoc.edu\/introduccion-a-los-entornos-de-trabajo-gnu-linux\/1-6-funcionament-de-les-maquines-virtuals\/","title":{"rendered":"1.6. Funcionament de les m\u00e0quines virtuals"},"content":{"rendered":"<p>Fins fa relativament poc temps, no era gens senzill per als usuaris d\u2019ordinadors personals disposar d\u2019una m\u00e0quina funcionant amb Linux. Implicava la desinstal\u00b7laci\u00f3 del SO pr\u00e8viament instal\u00b7lat o, si m\u00e9s no, la creaci\u00f3 de particions independents amb un gestor d\u2019arrencada dual que permet\u00e9s la coexist\u00e8ncia d\u2019ambd\u00f3s sistemes. Les distribucions de Linux, a m\u00e9s, mancaven d\u2019un protocol simple d\u2019instal\u00b7laci\u00f3, per la qual cosa requerien un profund coneixement en l&#8217;\u00e0mbit t\u00e8cnic de la m\u00e0quina. Afortunadament, en el moment actual s\u2019han superat \u00e0mpliament moltes de les barreres que compliquen l\u2019acc\u00e9s a aquesta tecnologia. De fet, avui dia podem provar f\u00e0cilment <em>in situ<\/em> la majoria de les distribucions Linux als nostres ordinadors sense modificar la seva configuraci\u00f3, mitjan\u00e7ant l\u2019\u00fas de les anomenades m\u00e0quines virtuals.<\/p>\n<p>Una m\u00e0quina virtual (MV) \u00e9s un programa que imita el funcionament d\u2019un ordinador, treballant com una aplicaci\u00f3 convencional dins de la nostra pr\u00f2pia m\u00e0quina. D\u2019aquesta manera, mentre la nostra m\u00e0quina est\u00e0 governada per un SO que rep la denominaci\u00f3 d\u2019hoste (en angl\u00e8s, <em>host<\/em>), la MV funciona sota el control d\u2019un segon SO que actua com a convidat (en angl\u00e8s, <em>guest<\/em>). Per proporcionar aquesta funcionalitat al nostre ordinador, cal instal\u00b7lar un<em> software <\/em>de virtualitzaci\u00f3 capa\u00e7 de gestionar m\u00faltiples m\u00e0quines virtuals simult\u00e0niament. Els programes gestors de m\u00e0quines virtuals poden instal\u00b7lar-se en m\u00faltiples plataformes per actuar com a hoste i, dins d\u2019una finestra, s\u00f3n capa\u00e7os d\u2019executar una m\u00e0quina fict\u00edcia gestionada per un altre SO diferent com a convidat. En termes pr\u00e0ctics, la MV per a l\u2019ordinador hoste \u00e9s una aplicaci\u00f3 convencional, mentre que des de l\u2019interior de l\u2019emulaci\u00f3 agraeix que el SO convidat cregui que treballa sobre una veritable m\u00e0quina f\u00edsica funcionant a la seva sencera disposici\u00f3.<\/p>\n<p>El sistema de fitxers de la MV convidada s\u2019emmagatzema f\u00edsicament en un \u00fanic fitxer dins del nostre ordinador, juntament amb les opcions de configuraci\u00f3 establertes durant la instal\u00b7laci\u00f3. L\u00f2gicament, la MV t\u00e9 acc\u00e9s a determinats perif\u00e8rics de la nostra pr\u00f2pia m\u00e0quina, com ara el teclat, el ratol\u00ed, la pantalla o l\u2019acc\u00e9s a Internet. Per realitzar l\u2019intercanvi d\u2019informaci\u00f3 entre la MV i la nostra m\u00e0quina podem accedir als dispositius USB connectats f\u00edsicament al nostre ordinador, crear una carpeta compartida entre el <em>guest <\/em>i el <em>host<\/em> o dipositar els nostres fitxers a la xarxa a trav\u00e9s de diferents portals del n\u00favol. No obstant aix\u00f2, romandran ocults per a la MV tant la configuraci\u00f3 real del nostre ordinador com el nucli del nostre sistema de fitxers muntat des dels nostres discos durs interns. La gesti\u00f3 de diferents tipus de dades dins de la MV repercuteix, \u00f2bviament, en un temps de resposta m\u00e9s gran que en el cas de treballar de forma nativa amb el mateix SO convidat, per\u00f2 les \u00faltimes versions dels programes de virtualitzaci\u00f3 estan clarament disminuint aquestes difer\u00e8ncies. En conclusi\u00f3, aquesta aproximaci\u00f3 resulta enormement atractiva per provar qualsevol nou sistema sense modificar el nostre entorn de treball habitual.<\/p>\n","protected":false},"excerpt":{"rendered":"<p>Fins fa relativament poc temps, no era gens senzill per als usuaris d\u2019ordinadors personals disposar d\u2019una m\u00e0quina funcionant amb Linux. Implicava la desinstal\u00b7laci\u00f3 del SO pr\u00e8viament instal\u00b7lat o, si m\u00e9s no, la creaci\u00f3 de particions independents amb un gestor d\u2019arrencada dual que permet\u00e9s la coexist\u00e8ncia d\u2019ambd\u00f3s sistemes. Les distribucions de Linux, a m\u00e9s, mancaven d\u2019un [&hellip;]<\/p>\n","protected":false},"author":1,"featured_media":0,"parent":0,"menu_order":0,"comment_status":"closed","ping_status":"closed","template":"","meta":[],"acf":[],"_links":{"self":[{"href":"http:\/\/eines-informatiques.recursos.uoc.edu\/introduccion-a-los-entornos-de-trabajo-gnu-linux\/wp-json\/wp\/v2\/pages\/599"}],"collection":[{"href":"http:\/\/eines-informatiques.recursos.uoc.edu\/introduccion-a-los-entornos-de-trabajo-gnu-linux\/wp-json\/wp\/v2\/pages"}],"about":[{"href":"http:\/\/eines-informatiques.recursos.uoc.edu\/introduccion-a-los-entornos-de-trabajo-gnu-linux\/wp-json\/wp\/v2\/types\/page"}],"author":[{"embeddable":true,"href":"http:\/\/eines-informatiques.recursos.uoc.edu\/introduccion-a-los-entornos-de-trabajo-gnu-linux\/wp-json\/wp\/v2\/users\/1"}],"replies":[{"embeddable":true,"href":"http:\/\/eines-informatiques.recursos.uoc.edu\/introduccion-a-los-entornos-de-trabajo-gnu-linux\/wp-json\/wp\/v2\/comments?post=599"}],"version-history":[{"count":5,"href":"http:\/\/eines-informatiques.recursos.uoc.edu\/introduccion-a-los-entornos-de-trabajo-gnu-linux\/wp-json\/wp\/v2\/pages\/599\/revisions"}],"predecessor-version":[{"id":867,"href":"http:\/\/eines-informatiques.recursos.uoc.edu\/introduccion-a-los-entornos-de-trabajo-gnu-linux\/wp-json\/wp\/v2\/pages\/599\/revisions\/867"}],"wp:attachment":[{"href":"http:\/\/eines-informatiques.recursos.uoc.edu\/introduccion-a-los-entornos-de-trabajo-gnu-linux\/wp-json\/wp\/v2\/media?parent=599"}],"curies":[{"name":"wp","href":"https:\/\/api.w.org\/{rel}","templated":true}]}}