{"id":642,"date":"2023-10-23T11:06:30","date_gmt":"2023-10-23T09:06:30","guid":{"rendered":"http:\/\/eines-informatiques.recursos.uoc.edu\/gestion-de-datos\/?page_id=642"},"modified":"2023-10-23T11:06:30","modified_gmt":"2023-10-23T09:06:30","slug":"resum","status":"publish","type":"page","link":"http:\/\/eines-informatiques.recursos.uoc.edu\/gestion-de-datos\/resum\/","title":{"rendered":"Resum"},"content":{"rendered":"<p>A nivell gen\u00f2mic, habitualment treballem amb milers de registres durant una an\u00e0lisi bioinform\u00e0tica convencional. Malgrat que les eines d\u2019an\u00e0lisi de fitxers de text basades en l\u2019\u00fas d\u2019ordres del terminal de GNU\/Linux ens permeten accedir f\u00e0cilment a les nostres dades, els sistemes de gesti\u00f3 de bases de dades com MySQL o MongoDB resulten el mitj\u00e0 ideal per gestionar grans volums de dades de forma eficient i r\u00e0pida.<\/p>\n<p>En aquest m\u00f2dul us hem mostrat un gran ventall d\u2019ordres basades en el llenguatge SQL per consultar les taules de les nostres bases de dades relacionals i algunes ordres espec\u00edfiques de MongoDB per gestionar la informaci\u00f3 d\u2019una base de dades no relacional NoSQL orientada a documents.<\/p>\n<p>Juntament amb aquest inventari d\u2019instruccions, hem apr\u00e8s tamb\u00e9 a modelar correctament les entitats del problema real que desitgem aproximar mitjan\u00e7ant estrat\u00e8gies bioinform\u00e0tiques.<\/p>\n","protected":false},"excerpt":{"rendered":"<p>A nivell gen\u00f2mic, habitualment treballem amb milers de registres durant una an\u00e0lisi bioinform\u00e0tica convencional. Malgrat que les eines d\u2019an\u00e0lisi de fitxers de text basades en l\u2019\u00fas d\u2019ordres del terminal de GNU\/Linux ens permeten accedir f\u00e0cilment a les nostres dades, els sistemes de gesti\u00f3 de bases de dades com MySQL o MongoDB resulten el mitj\u00e0 ideal [&hellip;]<\/p>\n","protected":false},"author":1,"featured_media":0,"parent":0,"menu_order":0,"comment_status":"closed","ping_status":"closed","template":"","meta":[],"acf":[],"_links":{"self":[{"href":"http:\/\/eines-informatiques.recursos.uoc.edu\/gestion-de-datos\/wp-json\/wp\/v2\/pages\/642"}],"collection":[{"href":"http:\/\/eines-informatiques.recursos.uoc.edu\/gestion-de-datos\/wp-json\/wp\/v2\/pages"}],"about":[{"href":"http:\/\/eines-informatiques.recursos.uoc.edu\/gestion-de-datos\/wp-json\/wp\/v2\/types\/page"}],"author":[{"embeddable":true,"href":"http:\/\/eines-informatiques.recursos.uoc.edu\/gestion-de-datos\/wp-json\/wp\/v2\/users\/1"}],"replies":[{"embeddable":true,"href":"http:\/\/eines-informatiques.recursos.uoc.edu\/gestion-de-datos\/wp-json\/wp\/v2\/comments?post=642"}],"version-history":[{"count":2,"href":"http:\/\/eines-informatiques.recursos.uoc.edu\/gestion-de-datos\/wp-json\/wp\/v2\/pages\/642\/revisions"}],"predecessor-version":[{"id":644,"href":"http:\/\/eines-informatiques.recursos.uoc.edu\/gestion-de-datos\/wp-json\/wp\/v2\/pages\/642\/revisions\/644"}],"wp:attachment":[{"href":"http:\/\/eines-informatiques.recursos.uoc.edu\/gestion-de-datos\/wp-json\/wp\/v2\/media?parent=642"}],"curies":[{"name":"wp","href":"https:\/\/api.w.org\/{rel}","templated":true}]}}